{"id":1412,"date":"2021-08-12T13:48:43","date_gmt":"2021-08-12T16:48:43","guid":{"rendered":"https:\/\/najar.com.br\/?page_id=1412"},"modified":"2021-08-12T13:49:16","modified_gmt":"2021-08-12T16:49:16","slug":"politica-de-cookies","status":"publish","type":"page","link":"https:\/\/najar.com.br\/?page_id=1412","title":{"rendered":"Pol\u00edtica de Cookies"},"content":{"rendered":"\t\t<div data-elementor-type=\"wp-page\" data-elementor-id=\"1412\" class=\"elementor elementor-1412\" data-elementor-post-type=\"page\">\n\t\t\t\t\t\t<section class=\"elementor-section elementor-top-section elementor-element elementor-element-397145f elementor-section-boxed elementor-section-height-default elementor-section-height-default\" data-id=\"397145f\" data-element_type=\"section\" data-e-type=\"section\" data-settings=\"{&quot;jet_parallax_layout_list&quot;:[{&quot;jet_parallax_layout_image&quot;:{&quot;url&quot;:&quot;&quot;,&quot;id&quot;:&quot;&quot;,&quot;size&quot;:&quot;&quot;},&quot;_id&quot;:&quot;19e4450&quot;,&quot;jet_parallax_layout_image_tablet&quot;:{&quot;url&quot;:&quot;&quot;,&quot;id&quot;:&quot;&quot;,&quot;size&quot;:&quot;&quot;},&quot;jet_parallax_layout_image_mobile&quot;:{&quot;url&quot;:&quot;&quot;,&quot;id&quot;:&quot;&quot;,&quot;size&quot;:&quot;&quot;},&quot;jet_parallax_layout_speed&quot;:{&quot;unit&quot;:&quot;%&quot;,&quot;size&quot;:50,&quot;sizes&quot;:[]},&quot;jet_parallax_layout_type&quot;:&quot;scroll&quot;,&quot;jet_parallax_layout_direction&quot;:&quot;1&quot;,&quot;jet_parallax_layout_fx_direction&quot;:null,&quot;jet_parallax_layout_z_index&quot;:&quot;&quot;,&quot;jet_parallax_layout_bg_x&quot;:50,&quot;jet_parallax_layout_bg_x_tablet&quot;:&quot;&quot;,&quot;jet_parallax_layout_bg_x_mobile&quot;:&quot;&quot;,&quot;jet_parallax_layout_bg_y&quot;:50,&quot;jet_parallax_layout_bg_y_tablet&quot;:&quot;&quot;,&quot;jet_parallax_layout_bg_y_mobile&quot;:&quot;&quot;,&quot;jet_parallax_layout_bg_size&quot;:&quot;auto&quot;,&quot;jet_parallax_layout_bg_size_tablet&quot;:&quot;&quot;,&quot;jet_parallax_layout_bg_size_mobile&quot;:&quot;&quot;,&quot;jet_parallax_layout_animation_prop&quot;:&quot;transform&quot;,&quot;jet_parallax_layout_on&quot;:[&quot;desktop&quot;,&quot;tablet&quot;]}]}\">\n\t\t\t\t\t\t<div class=\"elementor-container elementor-column-gap-default\">\n\t\t\t\t\t<div class=\"elementor-column elementor-col-100 elementor-top-column elementor-element elementor-element-5582520\" data-id=\"5582520\" data-element_type=\"column\" data-e-type=\"column\">\n\t\t\t<div class=\"elementor-widget-wrap elementor-element-populated\">\n\t\t\t\t\t\t<div class=\"elementor-element elementor-element-cb19454 elementor-widget elementor-widget-text-editor\" data-id=\"cb19454\" data-element_type=\"widget\" data-e-type=\"widget\" data-widget_type=\"text-editor.default\">\n\t\t\t\t<div class=\"elementor-widget-container\">\n\t\t\t\t\t\t\t\t\t<p>A presente Pol\u00edtica de Cookies \u00e9 um documento complementar \u00e0 Pol\u00edtica de Privacidade da <strong>&#8220;IND\u00daSTRIAS NAJAR&#8221;, <\/strong>dispon\u00edvel neste link: <a href=\"https:\/\/najar.com.br\/\"><strong>www.najar.com.br<\/strong><\/a><strong>. <\/strong>Aqui, voc\u00ea encontrar\u00e1 informa\u00e7\u00f5es objetivas e claras sobre o que s\u00e3o Cookies, quais Cookies utilizamos em nossas aplica\u00e7\u00f5es, qual papel desempenham e como configur\u00e1-los.<\/p><h2>1.\u00a0\u00a0 O que s\u00e3o Cookies?<\/h2><p>Cookies s\u00e3o pequenos arquivos de texto ou fragmentos de informa\u00e7\u00e3o que s\u00e3o baixados em seu computador, smartphone ou qualquer outro dispositivo com acesso \u00e0 internet quando voc\u00ea visita nossa aplica\u00e7\u00e3o.<\/p><p>Eles cont\u00eam informa\u00e7\u00f5es sobre a sua navega\u00e7\u00e3o em nossas p\u00e1ginas e ret\u00eam apenas informa\u00e7\u00f5es relacionadas a suas prefer\u00eancias.<\/p><p>Assim, essa p\u00e1gina consegue armazenar e recuperar os dados sobre os seus h\u00e1bitos de navega\u00e7\u00e3o, de forma a melhorar a experi\u00eancia de uso, por exemplo. \u00c9 importante frisar que eles n\u00e3o cont\u00eam informa\u00e7\u00f5es pessoais espec\u00edficas, como dados sens\u00edveis ou banc\u00e1rios.<\/p><p>O seu navegador armazena os cookies no disco r\u00edgido, mas ocupam um espa\u00e7o de mem\u00f3ria m\u00ednimo, que n\u00e3o afetam o desempenho do seu computador. A maioria das informa\u00e7\u00f5es s\u00e3o apagadas logo ao encerrar a sess\u00e3o, como voc\u00ea ver\u00e1 no pr\u00f3ximo t\u00f3pico.<\/p><h2>1.1.\u00a0\u00a0 Tipos de Cookies<\/h2><p>Os cookies, quanto a seus propriet\u00e1rios, podem ser:<\/p><p><strong>Cookies propriet\u00e1rios: <\/strong>s\u00e3o cookies definidos por n\u00f3s ou por terceiros em nosso nome<\/p><p><strong>Cookies de terceiros: <\/strong>s\u00e3o cookies definidos por terceiros confi\u00e1veis em nossa aplica\u00e7\u00e3o<\/p><p>Os cookies, quanto ao seu tempo de vida, podem ser:<\/p><p><strong>Cookies de sess\u00e3o ou tempor\u00e1rios: <\/strong>s\u00e3o cookies que expiram assim que voc\u00ea fecha o seu navegador, encerrando a sess\u00e3o.<\/p><p><strong>Cookies persistentes ou permanentes: <\/strong>s\u00e3o cookies que permanecem no seu dispositivo durante um per\u00edodo determinado ou at\u00e9 que voc\u00ea os exclua.<\/p><p>Os cookies, quanto a sua finalidade, podem ser:<\/p><p><strong>Cookies necess\u00e1rios: <\/strong>s\u00e3o cookies essenciais que possibilitam a navega\u00e7\u00e3o em nossas aplica\u00e7\u00f5es e o acesso a todos os recursos; se estes, nossos servi\u00e7os podem apresentar mal desempenho ou n\u00e3o funcionar.<\/p><p><strong>Cookies de desempenho: <\/strong>s\u00e3o cookies que otimizam a forma que nossas aplica\u00e7\u00f5es funcionam, coletando informa\u00e7\u00f5es an\u00f4nimas sobre as p\u00e1ginas acessadas.<\/p><p><strong>Cookies de funcionalidade: <\/strong>s\u00e3o cookies que memorizam suas prefer\u00eancias e escolhas (como seu nome de usu\u00e1rio)<\/p><p><strong>Cookies de publicidade: <\/strong>s\u00e3o cookies que direcionam an\u00fancios em fun\u00e7\u00e3o dos seus interesses e limitam a quantidade de vezes que o an\u00fancio aparece.<\/p><h2>2.\u00a0\u00a0 Por que usamos Cookies?<\/h2><p>A <strong>&#8220;IND\u00daSTRIAS NAJAR&#8221; <\/strong>utiliza Cookies para fornecer a melhor experi\u00eancia de uso, tornando nossas aplica\u00e7\u00f5es mais f\u00e1ceis e personalizadas, tendo por base suas escolhas e comportamento de navega\u00e7\u00e3o.<\/p><p>Assim, buscamos entender como voc\u00ea utiliza nossas aplica\u00e7\u00f5es e ajustar o conte\u00fado para torn\u00e1-lo mais relevante para voc\u00ea, al\u00e9m de lembrar de suas prefer\u00eancias.<\/p><p>Os Cookies participam deste processo porquanto armazenam, leem e executam os dados necess\u00e1rios para cumprir com o nosso objetivo.<\/p><h2>3.\u00a0\u00a0 Que tipo de Cookies utilizamos?<\/h2><p>Abaixo listamos todos os Cookies que podem ser utilizados pela <strong>&#8220;IND\u00daSTRIAS NAJAR&#8221;. <\/strong>\u00c9 importante lembrar que voc\u00ea pode gerenciar a permiss\u00e3o concedida para cada Cookie em seu navegador.<\/p><p>Al\u00e9m disso, uma vez que os Cookies capturam dados sobre voc\u00ea, aconselhamos a leitura de nossa Pol\u00edtica de Privacidade, dispon\u00edvel neste link <a href=\"https:\/\/najar.com.br\/\"><strong>www.najar.com.br<\/strong><\/a><\/p><h4>Podemos utilizar dois tipos de cookies em nosso site: cookies de sess\u00e3o e cookies persistentes.<\/h4><p><strong>Cookies de Sess\u00e3o: <\/strong>s\u00e3o os cookies tempor\u00e1rios que permanecem arquivados at\u00e9 que o usu\u00e1rio saia do site ou encerre o navegador.<\/p><p><strong>Cookies Persistentes: <\/strong>s\u00e3o os cookies que ficam armazenados no dispositivo do usu\u00e1rio at\u00e9 que sejam exclu\u00eddos (o tempo que o cookie permanecer\u00e1 no dispositivo depende da dura\u00e7\u00e3o do seu &#8220;tempo de vida&#8221; e das configura\u00e7\u00f5es do navegador).<\/p><h4>Os cookies (de sess\u00e3o ou persistentes) podem ser categorizados de acordo com sua fun\u00e7\u00e3o:<\/h4><p><strong>Cookies Estritamente Necess\u00e1rios: <\/strong>permitem navegar e acessar as \u00e1reas seguras do site. Sem estes cookies, nosso site n\u00e3o funcionar\u00e1 corretamente.<\/p><p><strong>Cookies Anal\u00edticos: <\/strong>coletam dados estat\u00edsticos an\u00f4nimos com a finalidade de analisar a utiliza\u00e7\u00e3o do site e seu respectivo desempenho.<\/p><p><strong>Cookies de Funcionalidade: <\/strong>s\u00e3o utilizados para assegurar a disponibiliza\u00e7\u00e3o de funcionalidades adicionais no site ou para guardar as prefer\u00eancias definidas pelo usu\u00e1rio, sempre que utilizar o dispositivo.<\/p><p><strong>Cookies Espec\u00edficos de Marketing\/Publicidade: <\/strong>direcionam a publicidade em fun\u00e7\u00e3o dos interesses do usu\u00e1rio, ajudando a medir o sucesso de aplica\u00e7\u00f5es e a efic\u00e1cia da publicidade de terceiros.<\/p><h2>4.\u00a0\u00a0 Gerenciamento dos Cookies<\/h2><p>A instala\u00e7\u00e3o dos cookies est\u00e1 sujeita ao seu consentimento. Apesar da maioria dos navegadores estar inicialmente configurada para aceitar cookies de forma autom\u00e1tica, voc\u00ea pode rever suas permiss\u00f5es a qualquer tempo, de forma a bloque\u00e1-los, aceit\u00e1-los ou ativar notifica\u00e7\u00f5es para quando alguns cookies forem enviados ao seu dispositivo.<\/p><p>Atualmente, na primeira vez que voc\u00ea acessa nossas aplica\u00e7\u00f5es, ser\u00e1 requerida a sua concord\u00e2ncia com a instala\u00e7\u00e3o destes. Apenas ap\u00f3s a sua aceita\u00e7\u00e3o eles ser\u00e3o ativados.<\/p><p>Para tanto, utilizamos um sistema de (banner de informa\u00e7\u00f5es ou outro mecanismo que alerta e solicita o consentimento) na p\u00e1gina inicial de &#8220;IND\u00daSTRIAS NAJAR&#8221;. Dessa maneira, n\u00e3o apenas solicitamos sua concord\u00e2ncia, mas tamb\u00e9m informamos que a navega\u00e7\u00e3o continuada em nossos sites ser\u00e1 entendida como consentimento.<\/p><p>Como j\u00e1 dito, voc\u00ea pode, a qualquer tempo e sem nenhum custo, alterar as permiss\u00f5es, bloquear ou recusar os Cookies. Voc\u00ea tamb\u00e9m pode configur\u00e1-los caso a caso. Todavia, a revoga\u00e7\u00e3o do consentimento de determinados Cookies pode inviabilizar o funcionamento correto de alguns recursos da plataforma.<\/p><p>Para gerenciar os cookies do seu navegador, basta faz\u00ea-lo diretamente nas configura\u00e7\u00f5es do navegador, na \u00e1rea de gest\u00e3o de Cookies.<\/p><h2>5.\u00a0\u00a0 Disposi\u00e7\u00f5es finais<\/h2><p>Para a <strong>&#8220;IND\u00daSTRIAS NAJAR&#8221;, <\/strong>a privacidade e confian\u00e7a s\u00e3o fundamentais para a nossa rela\u00e7\u00e3o com voc\u00ea. Estamos sempre nos atualizando para manter os mais altos padr\u00f5es de seguran\u00e7a<\/p><p>Assim, reservamo-nos o direito de alterar esta Pol\u00edtica de Cookies a qualquer tempo. As mudan\u00e7as entrar\u00e3o em vigor logo ap\u00f3s a publica\u00e7\u00e3o, e voc\u00ea ser\u00e1 avisado.<\/p><p>Ao continuar a navega\u00e7\u00e3o nas nossas aplica\u00e7\u00f5es ap\u00f3s essa mudan\u00e7a se tornar eficaz, voc\u00ea concorda com elas. Aconselhamos que voc\u00ea sempre verifique esta Pol\u00edtica, bem como a nossa Pol\u00edtica de Privacidade.<\/p><p>Em caso de d\u00favidas sobre esta Pol\u00edtica de Cookies, entre em contato conosco pelos seguintes meios:<\/p><p><strong>Data Protection <\/strong><strong>Officer \u2013 Matriz <\/strong>Endere\u00e7o para correspond\u00eancia:<\/p><p>Av. Nossa Sra. de F\u00e1tima, 3075 &#8211; Vila Israel, Americana &#8211; SP, 13478-540 Email: <a href=\"mailto:dpo@najar.com.br\">dpo@najar.com.br<\/a><\/p><p>Telefone : 19 99964-8615<\/p><p>\u00a0<\/p><p>Esta Pol\u00edtica de Cookies foi atualizada pela \u00faltima vez: 29\/07\/2021<\/p><p>Americana, 10 de Agosto de 2021.<\/p><p><strong>IND\u00daSTRIAS T\u00caXTEIS NAJAR LTDA<\/strong><\/p>\t\t\t\t\t\t\t\t<\/div>\n\t\t\t\t<\/div>\n\t\t\t\t\t<\/div>\n\t\t<\/div>\n\t\t\t\t\t<\/div>\n\t\t<\/section>\n\t\t\t\t<\/div>\n\t\t","protected":false},"excerpt":{"rendered":"<p>A presente Pol\u00edtica de Cookies \u00e9 um documento complementar \u00e0 Pol\u00edtica de Privacidade da &#8220;IND\u00daSTRIAS NAJAR&#8221;, dispon\u00edvel neste link: www.najar.com.br. Aqui, voc\u00ea encontrar\u00e1 informa\u00e7\u00f5es objetivas e claras sobre o que s\u00e3o Cookies, quais Cookies utilizamos em nossas aplica\u00e7\u00f5es, qual papel desempenham e como configur\u00e1-los. 1.\u00a0\u00a0 O que s\u00e3o Cookies? Cookies s\u00e3o pequenos arquivos de texto [&hellip;]<\/p>\n","protected":false},"author":2,"featured_media":0,"parent":0,"menu_order":0,"comment_status":"closed","ping_status":"closed","template":"elementor_header_footer","meta":{"footnotes":""},"class_list":["post-1412","page","type-page","status-publish","hentry"],"_links":{"self":[{"href":"https:\/\/najar.com.br\/index.php?rest_route=\/wp\/v2\/pages\/1412","targetHints":{"allow":["GET"]}}],"collection":[{"href":"https:\/\/najar.com.br\/index.php?rest_route=\/wp\/v2\/pages"}],"about":[{"href":"https:\/\/najar.com.br\/index.php?rest_route=\/wp\/v2\/types\/page"}],"author":[{"embeddable":true,"href":"https:\/\/najar.com.br\/index.php?rest_route=\/wp\/v2\/users\/2"}],"replies":[{"embeddable":true,"href":"https:\/\/najar.com.br\/index.php?rest_route=%2Fwp%2Fv2%2Fcomments&post=1412"}],"version-history":[{"count":0,"href":"https:\/\/najar.com.br\/index.php?rest_route=\/wp\/v2\/pages\/1412\/revisions"}],"wp:attachment":[{"href":"https:\/\/najar.com.br\/index.php?rest_route=%2Fwp%2Fv2%2Fmedia&parent=1412"}],"curies":[{"name":"wp","href":"https:\/\/api.w.org\/{rel}","templated":true}]}}